igit of 3041?
4
What is the thousands digit of 4714?
4
What is the hundreds digit of 2201?
2
What is the units digit of 591?
1
What is the thousands digit of 38950?
8
What is the hundreds digit of 30818?
8
What is the tens digit of 3989?
8
What is the ten thousands digit of 16908?
1
What is the tens digit of 21804?
0
What is the units digit of 59235?
5
What is the thousands digit of 71790?
1
What is the tens digit of 2937?
3
What is the thousands digit of 1679?
1
What is the thousands digit of 31010?
1
What is the units digit of 5017?
7
What is the thousands digit of 7029?
7
What is the hundreds digit of 1831?
8
What is the hundreds digit of 7995?
9
What is the thousands digit of 1863?
1
What is the ten thousands digit of 26002?
2
What is the units digit of 4570?
0
What is the tens digit of 6236?
3
What is the thousands digit of 1365?
1
What is the thousands digit of 74559?
4
What is the thousands digit of 2096?
2
What is the tens digit of 225?
2
What is the units digit of 597?
7
What is the tens digit of 3103?
0
What is the hundreds digit of 25986?
9
What is the hundreds digit of 1703?
7
What is the tens digit of 1349?
4
What is the tens digit of 20798?
9
What is the units digit of 771?
1
What is the ten thousands digit of 12183?
1
What is the hundreds digit of 10556?
5
What is the hundreds digit of 76025?
0
What is the ten thousands digit of 16038?
1
What is the hundreds digit of 2892?
8
What is the thousands digit of 81741?
1
What is the units digit of 152?
2
What is the units digit of 22034?
4
What is the tens digit of 2825?
2
What is the thousands digit of 12598?
2
What is the hundreds digit of 9462?
4
What is the tens digit of 629?
2
What is the units digit of 4945?
5
What is the tens digit of 982?
8
What is the thousands digit of 7248?
7
What is the tens digit of 1399?
9
What is the units digit of 1303?
3
What is the units digit of 172?
2
What is the thousands digit of 82292?
2
What is the tens digit of 25609?
0
What is the hundreds digit of 1341?
3
What is the hundreds digit of 484?
4
What is the hundreds digit of 3456?
4
What is the thousands digit of 1916?
1
What is the units digit of 8?
8
What is the tens digit of 1404?
0
What is the tens digit of 1016?
1
What is the units digit of 836?
6
What is the units digit of 401?
1
What is the units digit of 12052?
2
What is the hundreds digit of 10475?
4
What is the units digit of 55262?
2
What is the hundreds digit of 566?
5
What is the tens digit of 5999?
9
What is the tens digit of 110022?
2
What is the units digit of 864?
4
What is the thousands digit of 9445?
9
What is the hundred thousands digit of 128356?
1
What is the units digit of 50250?
0
What is the thousands digit of 8010?
8
What is the hundreds digit of 1339?
3
What is the ten thousands digit of 16132?
1
What is the ten thousands digit of 28867?
2
What is the units digit of 17117?
7
What is the hundreds digit of 304?
3
What is the ten thousands digit of 111816?
1
What is the hundreds digit of 1661?
6
What is the tens digit of 25471?
7
What is the tens digit of 8384?
8
What is the hundreds digit of 2267?
2
What is the ten thousands digit of 100494?
0
What is the tens digit of 23067?
6
What is the thousands digit of 23755?
3
What is the ten thousands digit of 62474?
6
What is the ten thousands digit of 82931?
8
What is the ten thousands digit of 42534?
4
What is the units digit of 1803?
3
What is the tens digit of 53523?
2
What is the thousands digit of 75460?
5
What is the units digit of 2234?
4
What is the units digit of 29831?
1
What is the units digit of 7039?
9
What is the hundreds digit of 458?
4
What is the units digit of 134?
4
What is the thousands digit of 2589?
2
What is the units digit of 76302?
2
What is the units digit of 7167?
7
What is the tens digit of 330?
3
What is the units digit of 29117?
7
What is the units digit of 5688?
8
What is the thousands digit of 9610?
9
What is the hundreds digit of 156?
1
What is the thousands digit of 6551?
6
What is the units digit of 617?
7
What is the thousands digit of 25592?
5
What is the ten thousands digit of 109475?
0
What is the units digit of 8690?
0
What is the tens digit of 45478?
7
What is the tens digit of 706?
0
What is the thousands digit of 1356?
1
What is the tens digit of 2080?
8
What is the hundreds digit of 55495?
4
What is the tens digit of 849?
4
What is the thousands digit of 6665?
6
What is the units digit of 22616?
6
What is the tens digit of 959?
5
What is the hundreds digit of 1053?
0
What is the tens digit of 2436?
3
What is the hundreds digit of 2559?
5
What is the units digit of 5559?
9
What is the units digit of 2876?
6
What is the thousands digit of 48211?
8
What is the tens digit of 50?
5
What is the tens digit of 8179?
7
What is the thousands digit of 1783?
1
What is the thousands digit of 95692?
5
What is the ten thousands digit of 21038?
2
What is the thousands digit of 1446?
1
What is the hundreds digit of 28247?
2
What is the hundreds digit of 774?
7
What is the tens digit of 3142?
4
What is the ten thousands digit of 183923?
8
What is the tens digit of 275?
7
What is the thousands digit of 7292?
7
What is the ten thousands digit of 23891?
2
What is the tens digit of 59102?
0
What is the hundreds digit of 21809?
8
What is the hundreds digit of 1760?
7
What is the units digit of 2683?
3
What is the hundreds digit of 4412?
4
What is the units digit of 9579?
9
What is the hundreds digit of 256?
2
What is the hundreds digit of 6072?
0
What is the thousands digit of 18106?
8
What is the tens digit of 758?
5
What is the units digit of 24210?
0
What is the ten thousands digit of 10221?
1
What is the units digit of 7911?
1
What is the tens digit of 2732?
3
What is the tens digit of 15960?
6
What is the thousands digit of 59097?
9
What is the hundred thousands digit of 106899?
1
What is the units digit of 1304?
4
What is the tens digit of 987?
8
What is the tens digit of 1404?
0
What is the tens digit of 976?
7
What is the units digit of 1896?
6
What is the hundreds digit of 8619?
6
What is the hundreds digit of 76688?
6
What is the tens digit of 49059?
5
What is the units digit of 575?
5
What is the tens digit of 359?
5
What is the units digit of 15311?
1
What is the hundreds digit of 616?
6
What is the hundreds digit of 65323?
3
What is the ten thousands digit of 11367?
1
What is the hundreds digit of 3718?
7
What is the thousands digit of 1373?
1
What is the tens digit of 516?
1
What is the units digit of 305?
5
What is the hundreds digit of 3488?
4
What is the tens digit of 91?
9
What is the tens digit of 36209?
0
What is the thousands digit of 6539?
6
What is the hundreds digit of 26678?
6
What is the units digit of 110045?
5
What is the thousands digit of 89880?
9
What is the hundreds digit of 2907?
9
What is the tens digit of 29151?
5
What is the units digit of 32426?
6
What is the tens digit of 1255?
5
What is the hundreds digit of 3121?
1
What is the units digit of 27286?
6
What is the hundreds digit of 16079?
0
What is the thousands digit of 2801?
2
What is the hundreds digit of 1089?
0
What is the thousands digit of 106664?
6
What is the thousands digit of 8222?
8
What is the tens digit of 1027?
2
What is the units digit of 4663?
3
What is the hundreds digit of 1268?
2
What is the thousands digit of 1040?
1
What is the units digit of 4271?
1
What is the hundreds digit of 3011?
0
What is the hundreds digit of 1176?
1
What is the thousands digit of 8019?
8
What is the hundreds digit of 4952?
9
What is the thousands digit of 42897?
2
What is the ten thousands digit of 50243?
5
What is the tens digit of 1277?
7
What is the tens digit of 96043?
4
What is the hundreds digit of 3106?
1
What is the hundreds digit of 1811?
8
What is the ten thousands digit of 124844?
2
What is the units digit of 6821?
1
What is the units digit of 80?
0
What is the units digit of 1689?
9
What is the thousands digit of 11470?
1
What is the tens digit of 12177?
7
What is the units digit of 969?
9
What is the ten thousands digit of 51672?
5
What is the hundreds digit of 107520?
5
What is the hundreds digit of 16361?
3
What is the hundreds digit of 12522?
5
What is the units digit of 1131?
1
What is the units digit of 40376?
6
What is the units digit of 349?
9
What 